ate the remainder when i(39) is divided by m(2).
5
Let o be (-452)/(-16) + (0 - 9/(-12)). Let r = 53 - o. What is the remainder when 60 is divided by r?
12
Suppose -507 = -4*s + 5*p, -5*p + 515 = 4*s - 2*p. Suppose -3*d = 4*q - 265, 4*d - 31 + 3 = 0. Calculate the remainder when s is divided by q.
6
Suppose -90 = 64*i - 69*i - o, 0 = 5*i + 5*o - 70. What is the remainder when 182 is divided by i?
11
Let m(z) = 3*z**3 - 8*z**2 + 7*z + 6. Let d = 107 + -73. What is the remainder when m(4) is divided by d?
30
Suppose 328 - 520 = -6*g. Let r(d) = -27*d**2 - 2*d + 1. Let m be r(1). Calculate the remainder when g is divided by m/((-6)/3) - 3.
10
Suppose 3*r + 287 = -i + 384, 65 = i - 5*r. Calculate the remainder when 255 is divided by i.
0
Suppose 12*m + 168 = -240. What is the remainder when 63 is divided by (-72)/612 - 1126/m?
30
Let k(r) = -r**3 + r - r**2 - 3*r**2 + 8*r**2 - 7. Let s be k(3). Suppose -3*f - f - 2*n + 208 = 0, 20 = -s*n. What is the remainder when f is divided by 14?
12
Suppose -31*j + 16 = -30*j. Suppose -22*b + 1476 = -j*b. Calculate the remainder when b is divided by 85.
76
Suppose -5*c + 1959 = -3*p, 4*c + 4*p - 1603 = -55. Suppose 0 = -5*o - t + c - 84, 0 = -2*t + 2. Calculate the remainder when o is divided by 33.
28
Let h be -3*(-1011)/(-9) + 0. Let n = h - -228. Let c = -100 - n. What is the remainder when 12 is divided by c?
3
Let v = -4185 + 4393. Calculate the remainder when v is divided by 59.
31
Let s = 34 - 33. Let g be s*(-5)/((-25)/(-15)). What is the remainder when ((-372)/(-18))/((-2)/g) is divided by 16?
15
Suppose -4462 = -9*f - 28*f + 1680. Calculate the remainder when f is divided by 23.
5
Let f(q) = -q**3 + 17*q**2 - 64*q + 53. What is the remainder when 801 is divided by f(10)?
10
Let u = 269 + -241. Suppose j + u = 4*z - 259, 0 = 3*j - 15. Calculate the remainder when z is divided by 20.
13
Let h(v) = -v**3 + 9*v**2 + 9*v + 6. Let p be h(10). Calculate the remainder when 213 is divided by (-23)/p + 7/28.
3
Let g = 105 + -28. Suppose 7*v + 330 = 22*v - 75. Calculate the remainder when g is divided by v.
23
Let n be (-5)/20 - (-7)/(-4). Let g be (7 + -8)/((-2)/n + 0). What is the remainder when (1 - -4) + g + 46 is divided by 14?
8
Suppose c + 1 = 0, -105*c - 17 = -2*k - 104*c. Calculate the remainder when 9030 is divided by k.
6
Let i = -1035 + 1050. Let k(w) = 12*w**2 - w - 1. What is the remainder when k(3) is divided by i?
14
Let z(k) = 230*k + 958. What is the remainder when 3494 is divided by z(-4)?
36
Let y(n) = 7*n**2 - 356*n + 347. What is the remainder when 3567 is divided by y(50)?
42
Suppose -21 = -3*j + 132. Suppose 101*i - 46188 + 12988 = -65*i. What is the remainder when i is divided by j?
47
Let y be -2 - 5*(-1 + 2)*-61. Suppose 16*i + n = 13*i + y, -5*n = 5*i - 505. What is the remainder when i is divided by 21?
17
Let m(l) = 43*l - 4. Let g be m(3). Suppose -g*k = -122*k - 36. What is the remainder when 57 is divided by k?
9
Let i(b) = 50*b + 235. What is the remainder when i(-2) is divided by 34?
33
Suppose 0 = 3*z - 5*o - 0*o - 70, 4*o - 76 = -2*z. Suppose -z*r = -44*r + 1232. What is the remainder when 435 is divided by r?
83
Suppose 0 = 3*f - s - 1327, 2*s - 2 = s. Suppose -3*n = -2*x - f, -153 = -3*n + 4*x + 286. Suppose -62 = 3*m - n. What is the remainder when 50 is divided by m?
21
Let m(v) = -2*v**2 + 65*v - 82. Let x be m(27). Suppose 599 = 32*h + x. What is the remainder when 311 is divided by h?
11
Let t(q) = -6*q - 4*q + 21*q + 47 + 16*q. Let w be t(6). Suppose 0 = 2*i - u - w, -2*i + 4*u = 2*u - 204. What is the remainder when i is divided by 27?
26
Let m = -8785 + 8917. Calculate the remainder when 605 is divided by m.
77
Suppose -4*v + 596 - 60 = z, 9*v = 2*z + 1223. What is the remainder when v is divided by 1/((-212)/(-644) + (-4)/14)?
20
Suppose 545*j - 558*j + 3224 = 0. What is the remainder when 764 is divided by j?
20
Let s = 246 + -120. Suppose 6*d + 24 = s. Calculate the remainder when 33 is divided by d.
16
Let w(y) = -y**2 + 117*y - 1535. What is the remainder when w(91) is divided by 97?
55
Let g(m) = -67*m - 450. Calculate the remainder when 413 is divided by g(-7).
14
What is the remainder when 1592 is divided by (1690/40 + -9)/((3/(-1))/(-12))?
129
Let u(s) = s**3 - 72*s**2 - 473*s + 407. What is the remainder when 9957 is divided by u(78)?
12
Calculate the remainder when ((-3)/((-27)/69))/(18/(-57024)*-33) is divided by 209.
109
Let g(u) = -375*u + 824. Calculate the remainder when 510 is divided by g(2).
66
Let h = 32686 + -32652. What is the remainder when 4518 is divided by h?
30
Let a = 180 - 92. Suppose -3*d = -4*d + 13. Calculate the remainder when a is divided by d.
10
Let z(a) be the first derivative of 3*a**2/2 + 118*a + 104. What is the remainder when z(-16) is divided by (2/(-4))/((-3)/222)?
33
Calculate the remainder when (-20904)/(-2) - (-26 - -16) is divided by 3486.
4
Let y(u) = u**2 + 25*u - 2293. What is the remainder when 1252 is divided by y(-66)?
13
Let i = 288 - 79. Calculate the remainder when i is divided by 35.
34
Let n = -9 + 24. Suppose 0*d - 3*d = -n. Let l = -162 - -174. Calculate the remainder when l is divided by d.
2
Suppose -z = -5*f + 4*z + 595, -2*f - 4*z + 220 = 0. Let c = -96 + f. Calculate the remainder when c is divided by 11.
9
Let n(j) = j**3 - 3*j**2 - 2*j - 14. Let h be n(10). Let q = 749 - h. Calculate the remainder when 829 is divided by q.
82
Suppose -4*b = 2*v - 24, 2*v - 524*b = -519*b + 15. Calculate the remainder when 657 is divided by v.
7
Let v be -1 - (-12)/9 - (-35)/3. What is the remainder when 10/60 + (-67)/v*-10 is divided by 29?
27
Suppose -74*g + 19600 = 18*g + 104*g. What is the remainder when 226 is divided by g?
26
Suppose -23*t + 98*t - 288 = 5337. What is the remainder when t is divided by 122/6 + (-2)/6?
15
Let y(j) = 679*j - 656. Calculate the remainder when 251 is divided by y(1).
21
Let o be (43935/30)/(-29)*(-1 - 5). Suppose -57 = -12*n + o. Calculate the remainder when 74 is divided by n.
14
Let n(o) = 5*o**2 - 13*o - 15. Suppose -122 = -27*y + 40. Calculate the remainder when 345 is divided by n(y).
84
Let j(l) = -33*l**3 + 8*l**2 - 61*l - 340. What is the remainder when j(-7) is divided by 100?
98
Suppose -4*p = -6*p. Suppose p = 3*b + 5*k - 21, k - 13 = -3*b + 8. What is the remainder when 25 is divided by b?
4
Let k(s) = -s**2 - 8*s - 12. Let n be k(-2). Suppose -10*w + 2461 - 271 = n. What is the remainder when w is divided by 44?
43
Suppose 169*m = -161*m + 347*m - 13566. What is the remainder when m is divided by 197?
10
Suppose 2739 = 3*r - 3*o, 2*o = 4*r - 2049 - 1589. Calculate the remainder when r is divided by 450.
6
Suppose 0 = -t - 7 + 12, 5*i = -3*t + 11265. What is the remainder when i is divided by 14?
10
Let k = 2455 + -2390. Calculate the remainder when k is divided by 0/(-3 - -1) + 22.
21
Let l(q) = 3*q**2 - 10*q - 4. Let f be l(4). Suppose f*v - 104 = 4*z, -5*v - 32 + 162 = -z. What is the remainder when 153 is divided by v?
23
Suppose 212 + 114 = 2*o. Suppose 0 = -166*c + o*c + 402. Calculate the remainder when c is divided by 27.
26
Suppose g = 4*g + 5*r - 25, -r - 3 = -g. Suppose -h + 16 + 38 = 2*l, 265 = g*h + 5*l. Calculate the remainder when h is divided by 20.
12
Let p = -1951 - -1300. Let w = p + 669. Let u(c) = 2*c + 4. Calculate the remainder when w is divided by u(3).
8
Suppose -47*k = -44*k - 4*g - 276, 3*k + 5*g = 276. What is the remainder when 2390 is divided by k?
90
Let o = -4 + 6. Suppose o*j = 4*v + 24 - 256, -4*v - 2*j + 224 = 0. Let a = -18604 - -18619. What is the remainder when v is divided by a?
12
Suppose -11298*r - 7095 = -11309*r. Calculate the remainder when r is divided by 37.
16
Let w(v) = 268*v + 6. Let d be w(3). Let x = -1582 + d. Calculate the remainder when (25/(-9) - -3) + x/(-9) is divided by 11.
9
Let z = -158 - -156. What is the remainder when 44 is divided by (36/(-30))/(z/5)?
2
Suppose 2 = l - 130. Let t(s) = -s**3 + 13*s**2 - 11*s - 15. Let v be t(12). What is the remainder when l is divided by (v + (-260)/(-15))*3 + 2?
42
Calculate the remainder when 909 is divided by (-10254)/(-44) - 38/836.
210
Let i = -4736 + 4777. What is the remainder when 68 is divided by i?
27
Suppose -3*p - 4*t + 55753 = -8*t, -5*p = 4*t - 92943. Wh